en 1635959 is divided by 6782?
1497
What is the remainder when 118996 is divided by 202?
18
What is the remainder when 3343476 is divided by 202?
174
Calculate the remainder when 60421549 is divided by 2599.
2596
What is the remainder when 2300239 is divided by 201?
196
Calculate the remainder when 38364641 is divided by 16.
1
What is the remainder when 773717 is divided by 460?
457
What is the remainder when 3687332 is divided by 921831?
8
Calculate the remainder when 104496 is divided by 599.
270
Calculate the remainder when 4444469 is divided by 2575.
19
What is the remainder when 27270119 is divided by 29706?
11
Calculate the remainder when 54501 is divided by 2726.
2707
What is the remainder when 514291 is divided by 85677?
229
What is the remainder when 74490 is divided by 1412?
1066
What is the remainder when 751114 is divided by 60?
34
What is the remainder when 125139 is divided by 430?
9
Calculate the remainder when 138849 is divided by 22867.
1647
Calculate the remainder when 763486 is divided by 44.
42
What is the remainder when 418823 is divided by 37?
20
Calculate the remainder when 8728264 is divided by 25.
14
Calculate the remainder when 221011 is divided by 110148.
715
What is the remainder when 4924248 is divided by 927?
24
Calculate the remainder when 7689277 is divided by 64.
61
What is the remainder when 22113012 is divided by 7371002?
6
What is the remainder when 3384743 is divided by 1181?
1178
Calculate the remainder when 8425401 is divided by 1161.
24
Calculate the remainder when 431711 is divided by 1762.
21
Calculate the remainder when 25683748 is divided by 1070155.
28
Calculate the remainder when 75717403 is divided by 82.
79
What is the remainder when 391991 is divided by 2119?
2095
What is the remainder when 1043694 is divided by 260906?
70
Calculate the remainder when 3073544 is divided by 768375.
44
What is the remainder when 17730 is divided by 17091?
639
What is the remainder when 1978937 is divided by 395787?
2
Calculate the remainder when 11438983 is divided by 16997.
2
Calculate the remainder when 3816644 is divided by 745.
9
Calculate the remainder when 14905317 is divided by 1514.
1501
What is the remainder when 2466644 is divided by 1043?
992
What is the remainder when 394013 is divided by 129262?
6227
What is the remainder when 48506940 is divided by 57?
54
What is the remainder when 2714909 is divided by 26?
15
Calculate the remainder when 44385 is divided by 14246.
1647
Calculate the remainder when 6696855 is divided by 35.
25
Calculate the remainder when 719753 is divided by 652.
597
What is the remainder when 15660254 is divided by 20?
14
Calculate the remainder when 51863 is divided by 344.
263
What is the remainder when 10735668 is divided by 417?
3
What is the remainder when 94627 is divided by 30538?
3013
What is the remainder when 1270076 is divided by 738?
716
Calculate the remainder when 8279072 is divided by 107520.
32
What is the remainder when 804737 is divided by 12979?
39
What is the remainder when 2866808 is divided by 73?
25
Calculate the remainder when 76371 is divided by 1356.
435
Calculate the remainder when 761514 is divided by 253570.
804
What is the remainder when 63439838 is divided by 8?
6
What is the remainder when 41891354 is divided by 1994826?
8
Calculate the remainder when 15225 is divided by 4342.
2199
Calculate the remainder when 510817 is divided by 1659.
1504
Calculate the remainder when 20459473 is divided by 15.
13
Calculate the remainder when 2743250 is divided by 548648.
10
Calculate the remainder when 213322 is divided by 26509.
1250
What is the remainder when 23847036 is divided by 7949012?
0
Calculate the remainder when 1454314 is divided by 4290.
4
What is the remainder when 40028 is divided by 19524?
980
Calculate the remainder when 62871 is divided by 31175.
521
What is the remainder when 48486 is divided by 459?
291
What is the remainder when 34624079 is divided by 42?
35
What is the remainder when 290193 is divided by 14505?
93
Calculate the remainder when 7098937 is divided by 29456.
41
What is the remainder when 217144 is divided by 8192?
4152
Calculate the remainder when 938227 is divided by 234528.
115
What is the remainder when 58426 is divided by 370?
336
What is the remainder when 120541 is divided by 120165?
376
Calculate the remainder when 5361317 is divided by 28.
17
Calculate the remainder when 183254 is divided by 183001.
253
Calculate the remainder when 302672 is divided by 30014.
2532
What is the remainder when 34125736 is divided by 37174?
4
Calculate the remainder when 234503 is divided by 11099.
1424
Calculate the remainder when 739909554 is divided by 35.
34
What is the remainder when 3047066 is divided by 92335?
11
Calculate the remainder when 1959207 is divided by 2196.
375
What is the remainder when 2132384 is divided by 12122?
11034
What is the remainder when 2503866 is divided by 199?
48
What is the remainder when 1097675544 is divided by 6705?
6699
What is the remainder when 159214 is divided by 39703?
402
What is the remainder when 60570123 is divided by 21305?
8
What is the remainder when 2613274 is divided by 19215?
34
Calculate the remainder when 162111 is divided by 5588.
59
Calculate the remainder when 186451 is divided by 215.
46
What is the remainder when 122126133 is divided by 3591945?
3
What is the remainder when 2741483 is divided by 501?
11
What is the remainder when 559768 is divided by 186549?
121
What is the remainder when 623379 is divided by 1185?
69
What is the remainder when 6196689 is divided by 1103?
35
Calculate the remainder when 48161 is divided by 3664.
529
Calculate the remainder when 35037882 is divided by 1459.
1456
What is the remainder when 68330 is divided by 34108?
114
Calculate the remainder when 6786695 is divided by 1357302.
185
Calculate the remainder when 5213296 is divided by 21192.
64
Calculate the remainder when 11074099 is divided by 167.
162
What is the remainder when 84700 is divided by 8393?
770
What is the remainder when 1046519 is divided by 55?
34
What is the remainder when 792832 is divided by 25571?
131
What is the remainder when 227296 is divided by 226960?
336
What is the remainder when 3717404 is divided by 144?
44
Calculate the remainder when 261457 is divided by 3159.
2419
What is the remainder when 589749 is divided by 373?
36
What is the remainder when 659503 is divided by 588?
355
Calculate the remainder when 993639 is divided by 3124.
207
Calculate the remainder when 15098458 is divided by 2015.
63
Calculate the remainder when 4961770 is divided by 1240404.
154
Calculate the remainder when 7627264 is divided by 1596.
1576
What is the remainder when 14814197 is divided by 3306?
11
Calculate the remainder when 47528 is divided by 5890.
408
What is the remainder when 9349609 is divided by 173?
170
What is the remainder when 31519031 is divided by 60?
11
What is the remainder when 7792137 is divided by 6559?
45
Calculate the remainder when 14934746 is divided by 5818.
5758
Calculate the remainder when 11311 is divided by 3004.
2299
Calculate the remainder when 9198873 is divided by 246.
195
What is the remainder when 58316 is divided by 8?
4
What is the remainder when 459175 is divided by 6124?
5999
What is the remainder when 64317 is divided by 4935?
162
Calculate the remainder when 4113501 is divided by 3275.
101
What is the remainder when 134417 is divided by 26651?
1162
What is the remainder when 1064359 is divided by 253?
241
Calculate the remainder when 373148 is divided by 46637.
52
Calculate the remainder when 907190 is divided by 43.
19
Calculate the remainder when 226448 is divided by 8613.
2510
Calculate the remainder when 367062 is divided by 183445.
172
What is the remainder when 34394 is divided by 3206?
2334
What is the remainder when 1810816 is divided by 113?
104
What is the remainder when 172303 is divided by 23989?
4380
Calculate the remainder when 77573147 is divided by 38786568.
11
What is the remainder when 714002 is divided by 549?
302
Calculate the remainder when 13248595 is divided by 90.
55
What is the remainder when 650144 is divided by 5394?
2864
Calculate the remainder when 695049 is divided by 5148.
69
What is the remainder when 6385469 is divi